[INFO] fetching crate ifeq 0.1.3...
[INFO] checking ifeq-0.1.3 against master#cfbc6d4cf1acbac5c025acf8ed68929caa551df3 for pr-75494-beta
[INFO] extracting crate ifeq 0.1.3 into /workspace/builds/worker-0/source
[INFO] validating manifest of crates.io crate ifeq 0.1.3 on toolchain cfbc6d4cf1acbac5c025acf8ed68929caa551df3
[INFO] running `Command { std: "/workspace/cargo-home/bin/cargo" "+cfbc6d4cf1acbac5c025acf8ed68929caa551df3" "read-manifest" "--manifest-path" "Cargo.toml", kill_on_drop: false }`
[INFO] started tweaking crates.io crate ifeq 0.1.3
[INFO] finished tweaking crates.io crate ifeq 0.1.3
[INFO] tweaked toml for crates.io crate ifeq 0.1.3 written to /workspace/builds/worker-0/source/Cargo.toml
[INFO] running `Command { std: "/workspace/cargo-home/bin/cargo" "+cfbc6d4cf1acbac5c025acf8ed68929caa551df3" "generate-lockfile" "--manifest-path" "Cargo.toml" "-Zno-index-update", kill_on_drop: false }`
[INFO] running `Command { std: "/workspace/cargo-home/bin/cargo" "+cfbc6d4cf1acbac5c025acf8ed68929caa551df3" "fetch" "--locked" "--manifest-path" "Cargo.toml", kill_on_drop: false }`
[INFO] running `Command { std: "docker" "create" "-v" "/var/lib/crater-agent-workspace/builds/worker-0/target:/opt/rustwide/target:rw,Z" "-v" "/var/lib/crater-agent-workspace/builds/worker-0/source:/opt/rustwide/workdir:ro,Z" "-v" "/var/lib/crater-agent-workspace/cargo-home:/opt/rustwide/cargo-home:ro,Z" "-v" "/var/lib/crater-agent-workspace/rustup-home:/opt/rustwide/rustup-home:ro,Z" "-e" "SOURCE_DIR=/opt/rustwide/workdir" "-e" "CARGO_TARGET_DIR=/opt/rustwide/target" "-e" "CARGO_HOME=/opt/rustwide/cargo-home" "-e" "RUSTUP_HOME=/opt/rustwide/rustup-home" "-w" "/opt/rustwide/workdir" "-m" "1610612736" "--user" "0:0" "--network" "none" "rustops/crates-build-env@sha256:a636fd89d022f18117e1dc8fb37a0a009933cdbbe082814857f0e2024962d47c" "/opt/rustwide/cargo-home/bin/cargo" "+cfbc6d4cf1acbac5c025acf8ed68929caa551df3" "metadata" "--no-deps" "--format-version=1", kill_on_drop: false }`
[INFO] [stdout] c22dd6bab1a49cc861b49105a450872b413e1805d61036a4404ac05a9d5a22e6
[INFO] [stderr] WARNING: Your kernel does not support swap limit capabilities or the cgroup is not mounted. Memory limited without swap.
[INFO] running `Command { std: "docker" "start" "-a" "c22dd6bab1a49cc861b49105a450872b413e1805d61036a4404ac05a9d5a22e6", kill_on_drop: false }`
[INFO] running `Command { std: "docker" "inspect" "c22dd6bab1a49cc861b49105a450872b413e1805d61036a4404ac05a9d5a22e6", kill_on_drop: false }`
[INFO] running `Command { std: "docker" "rm" "-f" "c22dd6bab1a49cc861b49105a450872b413e1805d61036a4404ac05a9d5a22e6", kill_on_drop: false }`
[INFO] [stdout] c22dd6bab1a49cc861b49105a450872b413e1805d61036a4404ac05a9d5a22e6
[INFO] running `Command { std: "docker" "create" "-v" "/var/lib/crater-agent-workspace/builds/worker-0/target:/opt/rustwide/target:rw,Z" "-v" "/var/lib/crater-agent-workspace/builds/worker-0/source:/opt/rustwide/workdir:ro,Z" "-v" "/var/lib/crater-agent-workspace/cargo-home:/opt/rustwide/cargo-home:ro,Z" "-v" "/var/lib/crater-agent-workspace/rustup-home:/opt/rustwide/rustup-home:ro,Z" "-e" "SOURCE_DIR=/opt/rustwide/workdir" "-e" "CARGO_TARGET_DIR=/opt/rustwide/target" "-e" "CARGO_INCREMENTAL=0" "-e" "RUST_BACKTRACE=full" "-e" "RUSTFLAGS=--cap-lints=forbid" "-e" "CARGO_HOME=/opt/rustwide/cargo-home" "-e" "RUSTUP_HOME=/opt/rustwide/rustup-home" "-w" "/opt/rustwide/workdir" "-m" "1610612736" "--user" "0:0" "--network" "none" "rustops/crates-build-env@sha256:a636fd89d022f18117e1dc8fb37a0a009933cdbbe082814857f0e2024962d47c" "/opt/rustwide/cargo-home/bin/cargo" "+cfbc6d4cf1acbac5c025acf8ed68929caa551df3" "check" "--frozen" "--all" "--all-targets" "--message-format=json", kill_on_drop: false }`
[INFO] [stderr] WARNING: Your kernel does not support swap limit capabilities or the cgroup is not mounted. Memory limited without swap.
[INFO] [stdout] 5583f789b6de7930a2c47c29bb0ee84cdbe85b8e6c89d1eaf32fa78011dbba97
[INFO] running `Command { std: "docker" "start" "-a" "5583f789b6de7930a2c47c29bb0ee84cdbe85b8e6c89d1eaf32fa78011dbba97", kill_on_drop: false }`
[INFO] [stderr]     Checking ifeq v0.1.3 (/opt/rustwide/workdir)
[INFO] [stdout] error[E0658]: use of unstable library feature 'bool_to_option'
[INFO] [stdout]   --> src/lib.rs:68:31
[INFO] [stdout]    |
[INFO] [stdout] 68 |         assert_eq!(9.if_eq(9).then(|| "It works"), "It works".to_owned());
[INFO] [stdout]    |                               ^^^^
[INFO] [stdout]    |
[INFO] [stdout]    = note: see issue #64260 <https://github.com/rust-lang/rust/issues/64260> for more information
[INFO] [stdout] 
[INFO] [stdout] 
[INFO] [stdout] error[E0308]: mismatched types
[INFO] [stdout]   --> src/lib.rs:68:9
[INFO] [stdout]    |
[INFO] [stdout] 68 |         assert_eq!(9.if_eq(9).then(|| "It works"), "It works".to_owned());
[INFO] [stdout]    |         ^^^^^^^^^^^^^^^^^^^^^^^^^^^^^^^^^^^^^^^^^^^^^^^^^^^^^^^^^^^^^^^^^^ expected enum `std::option::Option`, found struct `std::string::String`
[INFO] [stdout]    |
[INFO] [stdout]    = note: expected enum `std::option::Option<&str>`
[INFO] [stdout]             found struct `std::string::String`
[INFO] [stdout]    = note: this error originates in a macro (in Nightly builds, run with -Z macro-backtrace for more info)
[INFO] [stdout] 
[INFO] [stdout] 
[INFO] [stdout] error[E0658]: use of unstable library feature 'bool_to_option'
[INFO] [stdout]   --> src/lib.rs:69:31
[INFO] [stdout]    |
[INFO] [stdout] 69 |         assert_eq!(9.if_eq(9).then(|| (0..100).collect::<Vec<_>>().len()), 100);
[INFO] [stdout]    |                               ^^^^
[INFO] [stdout]    |
[INFO] [stdout]    = note: see issue #64260 <https://github.com/rust-lang/rust/issues/64260> for more information
[INFO] [stdout] 
[INFO] [stdout] 
[INFO] [stdout] error[E0308]: mismatched types
[INFO] [stdout]   --> src/lib.rs:69:9
[INFO] [stdout]    |
[INFO] [stdout] 69 |         assert_eq!(9.if_eq(9).then(|| (0..100).collect::<Vec<_>>().len()), 100);
[INFO] [stdout]    |         ^^^^^^^^^^^^^^^^^^^^^^^^^^^^^^^^^^^^^^^^^^^^^^^^^^^^^^^^^^^^^^^^^^^^^^^^ expected enum `std::option::Option`, found integer
[INFO] [stdout]    |
[INFO] [stdout]    = note: expected enum `std::option::Option<usize>`
[INFO] [stdout]               found type `{integer}`
[INFO] [stdout]    = note: this error originates in a macro (in Nightly builds, run with -Z macro-backtrace for more info)
[INFO] [stdout] 
[INFO] [stdout] 
[INFO] [stdout] error[E0658]: use of unstable library feature 'bool_to_option'
[INFO] [stdout]   --> src/lib.rs:70:41
[INFO] [stdout]    |
[INFO] [stdout] 70 |         assert_eq!("alma".if_eq("alma").then(|| "ok"), "ok");
[INFO] [stdout]    |                                         ^^^^
[INFO] [stdout]    |
[INFO] [stdout]    = note: see issue #64260 <https://github.com/rust-lang/rust/issues/64260> for more information
[INFO] [stdout] 
[INFO] [stdout] 
[INFO] [stdout] error[E0308]: mismatched types
[INFO] [stdout]   --> src/lib.rs:70:9
[INFO] [stdout]    |
[INFO] [stdout] 70 |         assert_eq!("alma".if_eq("alma").then(|| "ok"), "ok");
[INFO] [stdout]    |         ^^^^^^^^^^^^^^^^^^^^^^^^^^^^^^^^^^^^^^^^^^^^^^^^^^^^^ expected enum `std::option::Option`, found `&str`
[INFO] [stdout]    |
[INFO] [stdout]    = note:   expected enum `std::option::Option<&str>`
[INFO] [stdout]            found reference `&str`
[INFO] [stdout]    = note: this error originates in a macro (in Nightly builds, run with -Z macro-backtrace for more info)
[INFO] [stdout] 
[INFO] [stdout] 
[INFO] [stdout] error[E0658]: use of unstable library feature 'bool_to_option'
[INFO] [stdout]   --> src/lib.rs:71:41
[INFO] [stdout]    |
[INFO] [stdout] 71 |         assert_ne!("alma".if_eq("alma").then(|| "ok"), "_ok");
[INFO] [stdout]    |                                         ^^^^
[INFO] [stdout]    |
[INFO] [stdout]    = note: see issue #64260 <https://github.com/rust-lang/rust/issues/64260> for more information
[INFO] [stdout] 
[INFO] [stdout] 
[INFO] [stdout] error[E0308]: mismatched types
[INFO] [stdout]   --> src/lib.rs:71:9
[INFO] [stdout]    |
[INFO] [stdout] 71 |         assert_ne!("alma".if_eq("alma").then(|| "ok"), "_ok");
[INFO] [stdout]    |         ^^^^^^^^^^^^^^^^^^^^^^^^^^^^^^^^^^^^^^^^^^^^^^^^^^^^^^ expected enum `std::option::Option`, found `&str`
[INFO] [stdout]    |
[INFO] [stdout]    = note:   expected enum `std::option::Option<&str>`
[INFO] [stdout]            found reference `&str`
[INFO] [stdout]    = note: this error originates in a macro (in Nightly builds, run with -Z macro-backtrace for more info)
[INFO] [stdout] 
[INFO] [stdout] 
[INFO] [stdout] error: aborting due to 8 previous errors
[INFO] [stdout] 
[INFO] [stdout] 
[INFO] [stdout] Some errors have detailed explanations: E0308, E0658.
[INFO] [stdout] 
[INFO] [stdout] For more information about an error, try `rustc --explain E0308`.
[INFO] [stdout] 
[INFO] [stderr] error: could not compile `ifeq`.
[INFO] [stderr] 
[INFO] [stderr] To learn more, run the command again with --verbose.
[INFO] running `Command { std: "docker" "inspect" "5583f789b6de7930a2c47c29bb0ee84cdbe85b8e6c89d1eaf32fa78011dbba97", kill_on_drop: false }`
[INFO] running `Command { std: "docker" "rm" "-f" "5583f789b6de7930a2c47c29bb0ee84cdbe85b8e6c89d1eaf32fa78011dbba97", kill_on_drop: false }`
[INFO] [stdout] 5583f789b6de7930a2c47c29bb0ee84cdbe85b8e6c89d1eaf32fa78011dbba97
